2*c + p - 181. Calculate the greatest common divisor of c and 46.
46
Let w = 3005 + -2545. What is the highest common factor of w and 1265?
115
Let v(b) = -b**3 + 31*b**2 - 64*b + 194. Let i be v(29). Let p(l) = 8*l**2 + 5*l + 5. Let q be p(-5). Calculate the highest common divisor of i and q.
20
Suppose q - 5*p = 14, -p + 8 = 9*q - 8*q. Calculate the highest common factor of q and 15.
3
Let m(h) = h**3 - h**2 + 3*h - 1. Let p be m(2). Let y(u) = 15*u - 7. Let b be y(5). Let q = 95 - b. Calculate the greatest common divisor of p and q.
9
Let u = -548 - -696. Calculate the highest common factor of 1998 and u.
74
Suppose m - 83 = -3*n, 30 - 3 = n + m. Let j be -2 + 10 + -1 + 0. Calculate the highest common divisor of n and j.
7
Suppose 20 - 345 = -13*p. Calculate the highest common divisor of 200 and p.
25
Let r be -3 + (11/66 - 46/(-12)). Calculate the greatest common factor of r and 4.
1
Let y(o) = -o**2 - 40*o - 151. Let g be y(-27). What is the highest common factor of g and 32?
8
Let y be (-352)/(-60) - (-4)/30. Let z = y + 32. Suppose 4*h + 5*n - 96 = 0, -3*n + 3 = -2*h + 29. Calculate the highest common divisor of z and h.
19
Let x = -42 - -26. Let w = 138 - x. Suppose b - 44 = -b. Calculate the greatest common divisor of w and b.
22
Suppose -3*s - 57*u + 56*u = -4248, s - 2*u - 1423 = 0. What is the greatest common divisor of s and 218?
109
Let s be 1 + 7 + -1 - (-16 - -20). Suppose 31 = -p + 4*v + 147, s*p - 283 = -v. What is the highest common factor of p and 64?
32
Let m be (-3)/((-398)/(-202) - 2). Suppose -2*i + f + m = 24, i - 5*f = 61. What is the highest common factor of 36 and i?
36
Suppose -20*n = -11*n - 594. What is the highest common divisor of 1122 and n?
66
Suppose 12 = -10*i + 13*i. Suppose i = -3*b + o + o, 5*o = 5*b + 15. Let k = -14 - -28. What is the highest common divisor of k and b?
2
Suppose -7*z - 12 = -4*n - 5*z, 2*n + 5*z = 18. Calculate the highest common divisor of n and 124.
4
Suppose -4*l + j + 2*j + 2 = 0, -5*l - 3*j + 16 = 0. Suppose -g = -a + 8, -l*a + g = -20 + 3. Calculate the greatest common divisor of a and 9.
9
Let q be (-4)/(-18) + (-9328)/(-144). What is the highest common factor of q and 52?
13
Suppose 0 = -p - 2*z + 12, -32 = p - 2*p + 2*z. Suppose -p*c + 160 = -18*c. What is the greatest common factor of 10 and c?
10
Let t = 3 - 0. Suppose -35 = -2*p - t*p. Suppose -3*o = -3*s + 195, -4*o = -s + 63 + 8. Calculate the highest common factor of p and s.
7
Suppose 5*i + 90 = 640. Let f = -692 - -736. Calculate the highest common divisor of f and i.
22
Suppose 6*k - 9*k = y - 230, -3*k - 5*y + 214 = 0. What is the highest common factor of k and 4?
2
Suppose 4*b - 1695 + 543 = 0. Calculate the greatest common factor of 32 and b.
32
Suppose 40*q = 37*q + 420. Suppose 5*u = 8*u - 168. What is the greatest common divisor of u and q?
28
Let v = -3 - -14. Let q(y) be the first derivative of y**3/3 + y**2/2 + 13*y + 13. Let m be q(4). What is the highest common factor of m and v?
11
Let x be (-11)/(11/(-6))*(-245)/(-42). What is the highest common factor of 28 and x?
7
Let n be 3*1/(-6) + 578/4. Suppose 5*p - n = p. Calculate the greatest common divisor of 36 and p.
36
Let y(b) be the first derivative of 11*b**2 - 3*b + 14. Let u be y(4). What is the greatest common factor of u and 5?
5
Let g = 159 + -75. Suppose 76 = 10*z - g. Let w(d) = d**2 - 2*d. Let s be w(6). What is the greatest common factor of s and z?
8
Suppose -5*s + 750 = 2*r, 3*r - 1150 = -24*s + 29*s. Calculate the greatest common factor of r and 228.
76
Let v = 26 - 23. Suppose -v*d = -16 - 254. What is the greatest common divisor of 18 and d?
18
Suppose 2*j - 3*r + 44 = 0, j = -j + 2*r - 48. Let d be 5/(-5) + -1 - j. Calculate the greatest common divisor of d and 104.
26
Let w = -5 - -8. Suppose 6 = -w*b, -2*b + 39 - 3 = 4*y. Suppose 10*v - 19 = 30*v - 419. What is the highest common factor of v and y?
10
Suppose 5*a - 30 = 230. Calculate the highest common divisor of 520 and a.
52
Let r = 30 - 15. Suppose -6*q = -2*q - 36. Let u = -3 + q. Calculate the highest common divisor of u and r.
3
Let z(u) = u**3 - 8*u**2 + 11*u - 16. Let p be z(7). What is the greatest common divisor of 60 and p?
12
Suppose -2*p + 3*t - 12 + 52 = 0, -142 = -5*p - 3*t. What is the highest common divisor of 2 and p?
2
Let o(y) = 27 - 38 + 13*y + 13 + 15 + 2*y**2. Let i be o(-7). Calculate the greatest common factor of i and 6.
6
Let o(s) = 4*s - 5 - 1 + s**2 + 4 - 2. Let z be o(-6). Suppose -2*h = h - 24. What is the greatest common factor of z and h?
8
Let d = 353 + -333. What is the greatest common factor of 220 and d?
20
Let s = -13 + 10. Let i(l) = 10*l**2 + 6*l + 8. Let f be i(s). Let r be 2*(68/4 + -1). Calculate the greatest common factor of r and f.
16
Let t(w) = 108*w**2 - 6*w + 3. Let l be t(1). What is the highest common divisor of l and 60?
15
Let q be 85/20 - 1/4. Suppose -2*d + 3 = -q*v + 1, v - 27 = -5*d. Let w be v + (1 - (0 - -1)). What is the greatest common divisor of w and 16?
2
Let h(n) be the second derivative of 0 + 23/2*n**3 - 3/2*n**2 + 12*n. Let o be h(2). Calculate the greatest common factor of o and 15.
15
Suppose 5*f + 71 = 4*z, 4*f - 19 = -z + 5*f. What is the highest common divisor of z and 90?
6
Let h(c) = 6*c**3 - c**2 - c + 1. Let a be 42/18 - (-4)/6. Suppose -t + 4 = a*t. Let z be h(t). What is the highest common factor of z and 35?
5
Suppose -2*x + m + 1 = -3, 3*x = 4*m + 1. Let p = -6 + 8. Suppose -4*s + p*o - o + 86 = 0, 0 = 2*s - 2*o - 46. What is the highest common divisor of x and s?
3
Suppose 3*x + 16 = 46. Suppose 2*s + s - 120 = 0. What is the highest common factor of s and x?
10
Let l(p) = -2*p + 48. Let f be l(23). Calculate the highest common divisor of 72 and f.
2
Suppose 4*w + 0*i + 44 = i, 3*i = 3*w + 24. Let h be (-16)/w*3*2. Let u be (9/(-15))/((-3)/120). What is the greatest common divisor of h and u?
8
Suppose 68 = 2*z + 4*f, 30 = z + 3*f - 6. Suppose 0 = y - 50 - z. Calculate the greatest common divisor of 32 and y.
16
Suppose -117*p + 9292 = -94*p. Calculate the highest common factor of p and 4.
4
Let f(b) = -b - 10. Let s be f(-11). Let o be s/(-2) - (-78)/12. Suppose -a = -o + 2. Calculate the highest common divisor of 2 and a.
2
Let n = -8 + 10. Suppose -n*m + 2*k - 104 = -5*m, 3*k + 129 = 3*m. What is the highest common factor of 57 and m?
19
Suppose -3*k - 192 = k. Let g = -8 - k. What is the highest common factor of g and 100?
20
Suppose 19*h = -2*q + 20*h + 279, -h - 3 = 0. What is the highest common divisor of q and 506?
46
Let h(d) = -d**2 + 4*d + 47. Let n be h(9). Calculate the highest common divisor of n and 128.
2
Let g = 309 + -231. What is the highest common factor of 390 and g?
78
Let p(j) = 2*j**3 - 4*j + 2. Let u be p(2). Let y be 2 + (u - (4 + -4)). Let x = -21 - -29. Calculate the greatest common factor of y and x.
4
Let m(s) = 26*s. Let r be m(1). Suppose 4*z = l - 22, 3*l = -z + 3*z + r. Let a be l*-1*58/(-4). Calculate the greatest common factor of 58 and a.
29
Suppose -4*y = 5*k - 493, 39 = y + 3*k - 93. Let i = -69 + y. Let n(t) = t**2 - 2*t - 8. Let u be n(6). What is the greatest common divisor of u and i?
16
Let z(t) = -5*t - 70. Let l be z(-16). Let f = -4 + -1. Let x be ((-89)/f + -1)*l. What is the highest common factor of x and 21?
21
Suppose 37*m - 62*m = -20925. Calculate the greatest common divisor of m and 93.
93
Let a = 112 + -64. Let r = a + -40. Suppose 3*j - 6*j + 24 = 0. Calculate the highest common divisor of j and r.
8
Let m(x) = -27*x - 6. Let v be m(-8). Suppose -2*z = 3*z - v. Calculate the highest common divisor of 28 and z.
14
Suppose -301 = 2*m + 4*r + 41, 2*m - 4*r = -374. Let d be (-6)/36 - m/(-6). Let q be (-8)/(-60) - 386/d. What is the highest common factor of q and 13?
13
Let v(d) = d - 8. Let w be v(6). Let q be 0 - -2 - w/2. What is the highest common factor of 27 and q?
3
Let k(t) = -t**2 + 14*t + 17. Let w be k(15). Let y = 20 - w. Calculate the highest common factor of 18 and y.
18
Suppose 34*l = 3*l + 2294. Calculate the highest common divisor of l and 6.
2
Suppose 3*d - 15 = 0, 2*t - d - 2 = -3. Suppose -14 = t*k - 40. Suppose -k = -2*s - 5. Calculate the greatest common factor of 28 and s.
4
Let q be (-2)/6 + (-174)/(-9). Let t = 532 - 323. Calc